 1057956 a multiple of 8?
False
Does 13 divide 250094?
True
Does 40 divide 9920546?
False
Is 22 a factor of 79992?
True
Does 11 divide 3036249?
False
Is 565 a factor of 503063?
False
Is 2628462 a multiple of 687?
True
Does 49 divide 18473?
True
Is 521794 a multiple of 13?
True
Is 503718 a multiple of 13?
False
Is 163 a factor of 87055?
False
Is 47159 a multiple of 56?
False
Is 498370 a multiple of 305?
True
Does 20 divide 55800?
True
Is 1738340 a multiple of 230?
True
Is 1134 a multiple of 13?
False
Is 843165 a multiple of 205?
True
Is 750 a factor of 803789?
False
Is 377633 a multiple of 560?
False
Does 56 divide 67793?
False
Is 12302670 a multiple of 10?
True
Is 28 a factor of 37128?
True
Is 367 a factor of 281489?
True
Is 1349 a factor of 11734121?
False
Is 46 a factor of 2560116?
False
Is 9671231 a multiple of 415?
False
Does 51 divide 2742159?
False
Is 8 a factor of 388648?
True
Is 389173 a multiple of 59?
False
Is 231 a factor of 67739?
False
Is 1058 a factor of 2646058?
True
Is 75660 a multiple of 12?
True
Is 3 a factor of 15583?
False
Is 91944 a multiple of 3?
True
Is 3433693 a multiple of 16?
False
Is 65 a factor of 806633?
False
Is 256206 a multiple of 45?
False
Does 54 divide 3446864?
False
Is 115 a factor of 234715?
True
Is 43400 a multiple of 35?
True
Does 792 divide 337061?
False
Is 9 a factor of 182717?
False
Is 12 a factor of 24305310?
False
Is 129540 a multiple of 635?
True
Does 7 divide 3859919?
True
Does 72 divide 951480?
True
Does 190 divide 9301450?
True
Is 207 a factor of 851805?
True
Does 216 divide 2191323?
False
Is 50 a factor of 112400?
True
Does 210 divide 1062778?
False
Does 221 divide 7714889?
True
Does 20 divide 1887971?
False
Is 18914680 a multiple of 40?
True
Is 3834112 a multiple of 64?
True
Is 6465852 a multiple of 621?
True
Is 509880 a multiple of 168?
True
Is 26 a factor of 1897896?
True
Is 27 a factor of 15365059?
False
Is 420 a factor of 282021?
False
Is 10 a factor of 2143015?
False
Is 13667898 a multiple of 302?
False
Is 204 a factor of 6135452?
False
Is 16 a factor of 418240?
True
Is 7491 even?
False
Is 162 a factor of 3586813?
False
Is 2469654 a multiple of 15?
False
Is 39086793 a multiple of 12?
False
Is 161976 a multiple of 17?
True
Does 351 divide 4613895?
True
Does 20 divide 1111787?
False
Is 930630 a multiple of 134?
True
Is 128134 a multiple of 2?
True
Is 5 a factor of 486040?
True
Is 156702 a multiple of 6?
True
Is 13 a factor of 7791292?
False
Does 16 divide 1139474?
False
Is 30 a factor of 53610?
True
Does 143 divide 1381952?
True
Is 4344642 a multiple of 18?
True
Is 702520 a multiple of 728?
True
Does 1096 divide 2731232?
True
Is 84 a factor of 20765?
False
Is 1353807 a multiple of 21?
True
Does 190 divide 2466960?
True
Is 44 a factor of 9033464?
True
Does 10 divide 309078?
False
Is 1379744 a multiple of 32?
True
Is 161 a factor of 193522?
True
Does 35 divide 5360718?
False
Is 34640 a multiple of 3?
False
Does 12 divide 3910728?
True
Is 85 a factor of 296565?
True
Is 1286787 a multiple of 135?
False
Is 191233 a multiple of 12?
False
Is 141 a factor of 7189731?
True
Is 46893 a multiple of 11?
True
Is 2554782 a multiple of 89?
False
Is 2336395 a multiple of 449?
False
Does 12 divide 1145710?
False
Is 37 a factor of 5924246?
False
Is 8 a factor of 398360?
True
Is 11 a factor of 6495973?
True
Is 108 a factor of 258768?
True
Is 34 a factor of 58038?
True
Is 14 a factor of 57994?
False
Is 2600636 a multiple of 37?
False
Is 42 a factor of 74616?
False
Does 130 divide 447590?
True
Is 12 a factor of 1037819?
False
Is 344811 a multiple of 63?
False
Is 1653513 a multiple of 4?
False
Does 85 divide 720573?
False
Does 222 divide 3037229?
False
Is 9699348 a multiple of 1311?
False
Is 566743 a multiple of 23?
True
Does 26 divide 207922?
True
Does 7 divide 101242?
False
Does 74 divide 99012?
True
Is 88129 a multiple of 296?
False
Does 5 divide 127880?
True
Is 877253 a multiple of 118?
False
Is 345813 a multiple of 94?
False
Is 12 a factor of 1575984?
True
Is 566100 a multiple of 77?
False
Does 3 divide 1653153?
True
Is 4362845 a multiple of 73?
True
Is 602 a factor of 975154?
False
Is 23444750 a multiple of 350?
True
Is 204425 a multiple of 37?
True
Is 7 a factor of 736897?
True
Does 15 divide 51683?
False
Does 21 divide 1644972?
True
Is 2312265 a multiple of 1400?
False
Does 13 divide 2470?
True
Is 790010 a multiple of 13?
True
Is 235082 a multiple of 275?
False
Is 17 a factor of 764031?
True
Is 287 a factor of 382953?
False
Is 262395 a multiple of 15?
True
Does 47 divide 6498?
False
Is 12 a factor of 211932?
True
Is 304 a factor of 106400?
True
Is 1211895 a multiple of 13?
False
Is 18 a factor of 4285649?
False
Does 13 divide 20930?
True
Is 41 a factor of 691629?
True
Does 47 divide 288298?
True
Is 9 a factor of 51041?
False
Does 13 divide 1790607?
True
Does 273 divide 2332512?
True
Is 312939 a multiple of 87?
True
Is 13 a factor of 215417?
False
Does 12 divide 26964?
True
Is 1962506 a multiple of 91?
True
Does 40 divide 87822?
False
Is 690 a factor of 421950?
False
Does 63 divide 64638?
True
Is 6379 a multiple of 3?
False
Is 82 a factor of 122098?
True
Is 166 a factor of 10175425?
False
Does 199 divide 2636624?
False
Is 822854 a multiple of 3?
False
Is 104197 a multiple of 8?
False
Is 4737960 a multiple of 36?
True
Is 6 a factor of 17909868?
True
Does 24 divide 10209841?
False
Is 248754 a multiple of 10?
False
Is 192 a factor of 5153664?
True
Does 5 divide 4940992?
False
Is 14641 a multiple of 11?
True
Does 18 divide 950694?
False
Does 195 divide 3544570?
False
Is 11284104 a multiple of 101?
False
Is 34 a factor of 227290?
True
Is 88368 a multiple of 4?
True
Is 378197 a multiple of 131?
True
Is 1061270 a multiple of 14?
True
Does 1068 divide 5239608?
True
Is 132008 a multiple of 221?
False
Does 10 divide 176220?
True
Is 16 a factor of 3449814?
False
Does 21 divide 2741676?
True
Is 4153368 a multiple of 732?
True
Is 583 a factor of 5744299?
True
Is 1555245 a multiple of 85?
True
Is 173 a factor of 951327?
True
Does 12 divide 394176?
True
Does 18 divide 8244746?
False
Is 12 a factor of 3628053?
False
Does 39 divide 430170?
True
Does 176 divide 403216?
True
Is 73646 a multiple of 212?
False
Does 498 divide 177045?
False
Is 125049 a multiple of 42?
False
Is 1433 a factor of 12997336?
False
Does 109 divide 432948?
True
Does 57 divide 280896?
True
Is 1609027 a multiple of 371?
True
Does 4 divide 319612?
True
Is 1030 a factor of 163770?
True
Does 16 divide 4419002?
False
Does 13 divide 689806?
True
Is 7 a factor of 89495?
True
Is 2182835 a multiple of 461?
True
Does 207 divide 2558934?
True
Is 48 a factor of 308483?
False
Does 335 divide 12564602?
False
Does 18 divide 343114?
False
Is 109119 a multiple of 26?
False
Is 51 a factor of 80931?
False
Is 15 a factor of 454965?
True
Does 51 divide 6129?
False
Does 69 divide 11383965?
True
Is 31 a factor of 134323?
True
Does 41 divide 3131547?
False
Is 124 a factor of 273792?
True
Does 24 divide 7105608?
True
Is 479 a factor of 57480?
True
Does 14 divide 236796?
True
Is 12 a factor of 1704048?
True
Is 110 a factor of 1641012?
False
Does 26 divide 2136634?
False
Is 442 a factor of 180778?
True
Is 38 a factor of 1402200?
True
Does 299 divide 636870?
True
Is 139189 a multiple of 143?
False
Does 3 divide 286746?
True
Is 152 a factor of 429602?
False
Is 501841 a multiple of 4?
False
Does 237 divide 86742?
True
Is 249962 a multiple of 113?
False
Does 189 divide 10790213?
False
Is 32832 a multiple of 36?
True
Does 827 divide 329973?
True
Does 8 divide 6272591?
False
Does 754 divide 1161914?
True
Is 20 a factor of 3590620?
True
Does 187 divide 1666731?
True
Is 77390 a multiple of 109?
True
Does 29 divide 4829312?
True
Does 68 divide 18231?
False
Is 8 a factor of 1734719?
False
Is 583339 a multiple of 14?
False
Is 29838 a multiple of 7?
False
Does 2320 divide 14715760?
True
Is 192835 a multiple of 5?
True
Does 16 divide 1660560?
True
Is 1110270 a multiple of 238?
True
Is 6974434 a multiple of 5?
False
Does 89 divide 175330?
True
Is 9592989 a multiple of 35?
False
Is 19 a factor of 123785?
True
Does 14 divide 35784?
True
Is 282 a factor of 1199064?
True
Is 26 a factor of 980070?
True
Is 121 a factor of 342914?
True
Is 5181564 a multiple of 482?
False
Is 1079160 a multiple of